 + 25, -2*t = 2*y - 18. Let h = 3 - 0. Suppose -h*n = -y*n + 55. List the prime factors of n.
11
Suppose -2*b + j + 8 = 0, 2*b - 3*b + 5 = -j. Suppose 0 = 5*m + 2*g - 110, -m - 2*m = -b*g - 66. List the prime factors of m.
2, 11
Suppose q + 25830 = 15*q. What are the prime factors of q?
3, 5, 41
Let r = -44 - -235. List the prime factors of r.
191
Suppose -3*h + 3*m + 13 = -251, 0 = 5*h + 3*m - 480. Suppose 4*w = 3*w + h. List the prime factors of w.
3, 31
Let u = -32 + 37. Suppose 4*d = d - u*l + 140, -5*d = 5*l - 220. What are the prime factors of d?
2, 5
Let k = -49 - -49. Suppose n - 132 + 10 = k. List the prime factors of n.
2, 61
What are the prime factors of (-2937)/9*-3 + 8?
3, 7, 47
Let k = -23 - -17. Let j be (2/8)/(k/(-48)). Suppose 3*r - 182 = -3*h + j*h, -46 = -r - 4*h. List the prime factors of r.
2, 31
Let d(i) = i**3 - 12*i**2 + 11*i + 4. Let w be d(11). Suppose 2*r + 2*r - p - 546 = 0, -w*r + 4*p + 552 = 0. What are the prime factors of r?
2, 17
Let n = 624 + -556. List the prime factors of n.
2, 17
What are the prime factors of (-5)/(65/13)*-4711?
7, 673
Suppose 0 = 10*r + r - 7502. List the prime factors of r.
2, 11, 31
Let h be (-3)/((2 + 1)/(-9)). Suppose -4*w + h*w = 0. Suppose w = 3*x - 6*x + 15. List the prime factors of x.
5
Suppose -32 - 4 = -12*d. Suppose d*m = 848 - 254. List the prime factors of m.
2, 3, 11
Suppose -2*z = 3*z - 180. What are the prime factors of (-12)/z*(1 + -70)?
23
Suppose 334 = -3*w - 0*p - p, -5*w + 2*p - 542 = 0. Let a = -208 + 362. Let u = w + a. What are the prime factors of u?
2, 11
Let y = 3328 + -2197. List the prime factors of y.
3, 13, 29
Let l(p) = 7*p**3 - p**2 + p - 1. Let m be l(1). Suppose n = 25 + m. What are the prime factors of n?
31
Let d = 0 - 66. Let l = -28 - d. What are the prime factors of l?
2, 19
Let y(t) = -442*t - 11. What are the prime factors of y(-3)?
5, 263
Let j = 607 - 401. List the prime factors of 18/12 + j/4.
53
Let u(k) = k + 3. Let p be u(7). Let q = -8 + p. Suppose -m = -4*j + q*j + 25, 3*m + 31 = 2*j. List the prime factors of j.
11
Suppose 0 = g - u - 864, 0 = g + 3*g - u - 3468. Suppose 4*h = -p + g, -3*h + 2*p + 652 = 3*p. What are the prime factors of h?
2, 3
Let i = -4 + -1. Let b = 0 - i. Suppose 0 = -b*g - 51 + 206. What are the prime factors of g?
31
Let i(d) = -d. Let a(k) = 5*k**2 + 4*k - 1. Let h(b) = a(b) + 4*i(b). What are the prime factors of h(5)?
2, 31
Let s = 250 + 172. What are the prime factors of s?
2, 211
Let h be (-40)/12*(-12)/10. Suppose -4*g = h*b - 188, 5*g - 325 + 86 = -3*b. What are the prime factors of g?
7
Let g = 105 - 74. Let o = 55 - g. Suppose 6*l - o = 3*l. What are the prime factors of l?
2
Let k(b) = 51*b**3 - 2*b**2 - 2*b + 6. Let s be k(2). Suppose -c + 178 + s = 4*o, 600 = 4*o - 4*c. What are the prime factors of o?
2, 73
Let i(s) = s**3 - 10*s**2 - 2*s + 5. Let t be i(10). List the prime factors of (-80)/6*36/t.
2
Let m(z) = -2*z + 20. Suppose -2*i + 30 = 3*d, -5*d - 7 = -2*i + 7. Let n be m(i). What are the prime factors of (4/12)/(n/(-144))?
2, 3
Let r(l) = 9*l**2 + 3*l. Let m(k) be the second derivative of k**4/12 + 2*k**3/3 - 7*k**2/2 + 9*k. Let q be m(-5). List the prime factors of r(q).
2, 3, 5
Suppose -4*f + 2 + 10 = 0. List the prime factors of (94/4)/(f/18).
3, 47
Let q = 579 + -218. List the prime factors of q.
19
Suppose 7*l + 364 = 20*l. List the prime factors of l.
2, 7
Let b = -72 + 42. What are the prime factors of (-3)/(62/b - -2)?
3, 5
Let l(p) = 4*p**2 + p. Let j be ((-2)/(-4))/(2/4). Let s be l(j). Suppose 0 = s*r - 31 - 29. List the prime factors of r.
2, 3
Suppose -1 = 2*j - 11. Let t(y) = y**2 + 5*y + 3. Let l be t(-5). Suppose 5*i + l = o, o - 75 = -4*o + j*i. What are the prime factors of o?
2, 3
Suppose g + 4*g = 3*h + 2167, 2*g - 850 = -3*h. What are the prime factors of g?
431
Let w be 4/10 - (-195)/75. Let a = 17 - w. List the prime factors of a.
2, 7
Let a(z) = 101*z + 5. Let q(c) = -6*c**3 - 2*c**2 - 3*c - 1. Let h be q(-1). Let b be a(h). Suppose -8*f + b = 59. List the prime factors of f.
3, 23
Suppose 5*s + 0 = -5, -2*g + 3*s + 75 = 0. List the prime factors of g.
2, 3
What are the prime factors of (-37110)/(-22) - 158/(-869)?
7, 241
What are the prime factors of 102/(-15)*(3 - 3 - 260)?
2, 13, 17
Let z = -67 - -125. Let s = 110 - z. What are the prime factors of s?
2, 13
Let n(y) = -5*y**3 - 3*y**2 + 3*y - 7. What are the prime factors of n(-4)?
11, 23
Suppose 3*f + r = 1468 + 2775, 0 = -5*f - r + 7075. List the prime factors of f.
2, 3, 59
What are the prime factors of (36/8)/(7/378)?
3
Let b(y) = 8 + 5*y - 46*y - 36*y - 7. What are the prime factors of b(-1)?
2, 3, 13
Suppose -4*v + 68 = q, v - 332 = -4*q - 0*q. What are the prime factors of q?
2, 3, 7
Let h(q) = q - 12. Let v be h(12). What are the prime factors of 1/1 + v - (-53 + -17)?
71
Suppose 5*m - 3*a = -682, 5*a = -3*m + 4*m + 132. Let r = -17 - m. List the prime factors of r.
2, 3, 5
Let w(m) = 4*m + 1. Suppose 0 = 2*k - 3 - 1. Suppose k*p - 6 + 0 = 0. What are the prime factors of w(p)?
13
Let s(o) = 8*o**2 - 2*o. Let n(j) = -j**2 + j. Suppose 0 = 5*i - 4*w - 12, -3*i = -4*w + 1 - 5. Let q(a) = i*n(a) + s(a). What are the prime factors of q(-2)?
2, 3
Suppose -431 - 1102 = -3*j. List the prime factors of j.
7, 73
Suppose -7*c = -2*c - 20. What are the prime factors of 11/((-330)/(-604)) + c/(-30)?
2, 5
Suppose 0 = -2*a - 6 + 10. List the prime factors of ((-1134)/70)/(a/(-10)).
3
Let o(h) = 0*h**2 + h**2 + 4 - 3*h + 7*h. Let p be o(-2). Suppose p*l - 12 = -2*l. What are the prime factors of l?
2, 3
Suppose -4*h + 3836 = -3*c, 2*c - 506 = -4*h + 3330. What are the prime factors of h?
7, 137
Let h(z) = -z**2 - 2*z + 2. Let l be h(-2). Suppose -l*j - 2 = -8. What are the prime factors of j?
3
Let h = 1385 - 2525. Let w be 104/(-5)*h/24. List the prime factors of (-4)/(-32) + w/32.
31
Let k = 727 - 308. List the prime factors of k.
419
Let q(d) = 26*d - 126. List the prime factors of q(29).
2, 157
Suppose 3*q = f + 1571, -2098 = -4*q - 3*f + 5*f. List the prime factors of q.
2, 3, 29
What are the prime factors of 4/(-18) - (6 - (-281796)/(-108))?
19, 137
Let x(b) be the first derivative of -5*b - 15/2*b**2 + 3. What are the prime factors of x(-4)?
5, 11
Suppose r + 2*w = 816, 5*w + 2266 = 2*r + 607. List the prime factors of r.
2, 3, 137
Suppose -4*k - 16 = -376. Let j = -57 + k. List the prime factors of j.
3, 11
What are the prime factors of (5 - 279)*(1/2 + -1)?
137
Let v(z) = z**2 + 4. Suppose -3*g = -4*g. Let r = g + -4. What are the prime factors of v(r)?
2, 5
Suppose 312 = -3*q + 3*x + 1275, 1302 = 4*q + 5*x. Suppose d - o - 149 + 40 = 0, -q = -3*d + o. List the prime factors of d.
107
Let o(h) = -h**3 + 17*h**2 + 10*h + 22. List the prime factors of o(10).
2, 3, 137
Let i(x) = 2*x**2 - 24*x + 6. Let b be i(-11). What are the prime factors of 18/(-8)*b/(-24)?
2, 3
Let j(u) = -5*u**2 + 2*u - 1. Let p be j(-2). Let x = -9 - p. Let l = 38 - x. List the prime factors of l.
2, 11
Let g(h) = -10 + 5*h + 81*h + 4. What are the prime factors of g(1)?
2, 5
List the prime factors of 1290/(3/((-15)/(-5))).
2, 3, 5, 43
Let h(i) = 162*i**3 - 2*i**2 + 2*i - 2. Let m(w) = -w**3 + w**2. Let u(s) = h(s) + 3*m(s). List the prime factors of u(1).
2, 5
Suppose p = -2*p - 3*m + 12, -3*p + m + 8 = 0. List the prime factors of p.
3
Suppose -3*l - 20 - 16 = 0. What are the prime factors of 111/12 - (-3)/l?
3
Let y = 425 - -33. List the prime factors of y.
2, 229
Suppose -3*f - 3*v + 90 = 0, f - 6*f + 158 = -3*v. Let s = -18 + f. Suppose -38 = -t - 2*y + s, -3*y + 194 = 4*t. What are the prime factors of t?
47
Let o(v) = 3*v + 16. Let m be o(-7). List the prime factors of m/(20/(-172)) - -1.
2, 11
Suppose 4*b - 3611 - 2962 = 3*x, -5*x + 4937 = 3*b. List the prime factors of b.
2, 3, 137
Let v = 24 - 3. Suppose 2*l = 20 + 12. Let k = v - l. List the prime factors of k.
5
Suppose 0 = 82*p - 87*p + 2045. List the prime factors of p.
409
Suppose -22791 = -25*x + 7034. List the prime factors of x.
1193
Let g(w) = 11*w + 465. List the prime factors of g(16).
641
Let w be 190/15*(-3)/2. Let i be (-8)/40 + w/5. Let c(d) = -6*d - 1. List the prime factors of c(i).
23
Let m = -95 + 62. Let w = m + 77. Suppose -w = -0*b - 4*b. What are the prime fa